36. What are the prime factors of i(-19)?
3, 5
Suppose 25*d + 86 = 27*d. What are the prime factors of d?
43
Let n = -28 - -42. Suppose -3*c + 7 = -n. List the prime factors of c.
7
Let p(r) = 11*r + 5. Let t be p(-2). Let g = 32 + t. List the prime factors of g.
3, 5
Let q be 20/6*18/(-15). Let l = -9 - q. Let u = l - -11. List the prime factors of u.
2, 3
What are the prime factors of 2*(30 - -4)*(1 + 1)?
2, 17
Let k(a) = 4*a**2 + 5*a - 17. What are the prime factors of k(-6)?
97
Suppose 7*k - 2*k - 170 = 0. Suppose 0 = 2*h + 98 + k. What are the prime factors of h/(-10) + (-8)/(-20)?
7
Suppose 3*q + 33 = 231. List the prime factors of q.
2, 3, 11
What are the prime factors of (2 - 116/2)*-1?
2, 7
Let n = 90 + -21. List the prime factors of n.
3, 23
Let i be -1 - -4 - (0 + 1). Suppose -7*d - 4 = c - i*d, -d - 1 = 0. What are the prime factors of 1 - (0 + c) - -7?
7
Let d(y) = y**2 + 3*y - 4. Let o be d(-5). Suppose -s - h = -1, -4*h - o = -2*h. Suppose -s*t + 15 = -17. List the prime factors of t.
2
Let i be (2 - -1) + (-2)/(-2). Suppose 3*z - 7 + 71 = 5*h, 0 = i*z - h + 108. Let y = 46 + z. List the prime factors of y.
2, 3
Suppose -1 = 2*s + 5. What are the prime factors of 2 - (-3 + 6) - s?
2
Let h(w) = -w**3 - 4*w**2 + 2*w + 2. Suppose -l = 4 + 1. What are the prime factors of h(l)?
17
Let v(x) = -x**3 + 2*x**2 + 4*x + 3. Let l = 1 + 1. Let g = l - 4. What are the prime factors of v(g)?
11
Suppose -4*p + 3*v = -589, 4*v = -2*p + 239 + 39. List the prime factors of p.
5, 29
Let q be 52/20 + 4/10. Let z(f) = f**3 - 2*f**2 - f + 4. Let l be z(q). Suppose n = -n + l. What are the prime factors of n?
5
Let y = 7 + 41. List the prime factors of y.
2, 3
Suppose -3*o + 30 = 6. Suppose 4*s = -o - 4. What are the prime factors of (-3)/(s/(-24)*-3)?
2
Suppose 3*k - 111 = 2*z, 3*k - 123 + 0 = -2*z. What are the prime factors of k?
3, 13
Let j(o) = o**2 + 9*o + 5. Let r be j(-7). Let l = 58 - r. Suppose 0*i + 2*i - 42 = 5*d, -l = -5*i + 3*d. List the prime factors of i.
11
Suppose -2 = 5*w - 22, 3*f - 5*w + 11 = 0. Let v(a) = 11*a + 2. Let c be v(f). Suppose 5*m = -10 + c. What are the prime factors of m?
5
Let h(p) = 32*p**3 - 2*p**2 - 3*p + 6. List the prime factors of h(2).
2, 31
List the prime factors of 6*2/(-4) + 41.
2, 19
Suppose 162 = 2*u - 24. List the prime factors of u.
3, 31
Suppose 10*n - 1170 = 1970. What are the prime factors of n?
2, 157
Suppose -3*h = -z - 4*z - 247, h = -2*z + 97. What are the prime factors of h?
89
Suppose 95 = 6*r - 61. What are the prime factors of r?
2, 13
Suppose c - d = -48, 3*c - 2*c + 2*d = -39. Let o = c - -68. List the prime factors of o.
23
Let h be (-3)/(-3) - -3 - 2. Suppose h*p = p + 4*a + 12, 0 = -2*p - 3*a + 2. What are the prime factors of (-2 - -1*p) + 5?
7
Suppose 12*k = 9*k + 342. List the prime factors of k.
2, 3, 19
What are the prime factors of 118*(12/(-8))/(-3)?
59
Let w(t) = 2*t**2 - 7*t - 1. What are the prime factors of w(8)?
71
Suppose -18 = -2*h + 56. What are the prime factors of h?
37
Let i(l) = 2*l**2 + 9*l - 7. Let g be i(-7). What are the prime factors of (2*-3)/((-21)/g)?
2
Let h(r) = r**3 - 5*r**2 - 4*r - 2. Let z be h(6). Suppose -3*g = -23 - z. Let n = g + -6. List the prime factors of n.
5
Suppose -4*u + 40 = 5*v, 3*u + 16 = 2*v + 5*u. List the prime factors of v.
2
Let k = 139 + -30. List the prime factors of k.
109
Let i = -12 - -7. Let z(q) = -q + 5. List the prime factors of z(i).
2, 5
Suppose 17 = d - 5*w, 0 = d + 3*d - 2*w - 68. Let i = d - -21. Suppose -4*m = -2*a + i, -7*a = -4*a - m - 37. List the prime factors of a.
11
Let c = -42 + 71. List the prime factors of c.
29
Suppose 4*s - 5*s + 2*i = 4, -28 = -4*s - 3*i. Suppose 46 = 4*l - 10. Suppose w - l = 2*f, -w - 2*w + s*f + 40 = 0. List the prime factors of w.
2, 3
Let l = 43 + -30. What are the prime factors of l?
13
Suppose -5*t = 5 + 30. Let m(s) = -s**2 - 5*s + 3. Let z be m(t). Let a = z - -15. What are the prime factors of a?
2
Let i(n) be the first derivative of n**2/2 + 3*n + 2. Let f be i(0). Suppose 0 = -0*t - f*t + 12. List the prime factors of t.
2
Let z(b) = -b - 3. Let l be z(7). Let p = l + 17. What are the prime factors of p?
7
Suppose -14*i + 2*i = -3756. What are the prime factors of i?
313
Suppose 5*c = 2*j - 12 + 52, c = -5*j - 19. Suppose 0 = -4*o - 4. Let v = c + o. List the prime factors of v.
5
Let j = 2 + -2. Suppose 5*z + 5*q - 75 = j, 58 - 4 = 4*z - 2*q. List the prime factors of z.
2, 7
Suppose 5*k + 0*j - 2*j - 162 = 0, 0 = -3*k + 3*j + 90. List the prime factors of k.
2, 17
List the prime factors of (-43)/(-3) - (-4)/(-12).
2, 7
Let y = -8 - -8. Suppose 4*o - 2*l - 50 = 0, -4*o + y*l = -4*l - 40. List the prime factors of o.
3, 5
Suppose -4*k = -2*k - 22. Suppose -3*m - 2 = -k. What are the prime factors of m?
3
Suppose 5*o - 3*p = 60, 0*o + 4*p - 50 = -2*o. Suppose 9 = 4*n - o. List the prime factors of n.
2, 3
Let l(z) = -2*z**2 - 3. Let t be l(-5). Let p = 38 + t. Let o = 1 - p. What are the prime factors of o?
2
Suppose -34*n = -29*n - 1205. What are the prime factors of n?
241
Suppose -1 - 49 = -2*f. List the prime factors of f.
5
Let f = 26 - -22. What are the prime factors of f?
2, 3
Let r be (22/2 - 2) + -2. Let o(f) = -1 - 2*f + 2*f - r*f + 2*f**2 + 0. What are the prime factors of o(5)?
2, 7
Suppose k + 21 = 4*k. Let b be -2 - 1*-1*k. Suppose -3*d = v + 7, 2*v + 0 = b*d + 19. List the prime factors of v.
2
Let f(x) = x**2 + 6*x - 13. Let o(q) = -q**3 - 5*q**2 - 3*q - 1. Let r be o(-3). Let h be f(r). Let s = h - 13. What are the prime factors of s?
2, 7
Let w = 13 - -48. What are the prime factors of w?
61
What are the prime factors of (-1)/((-1)/(-24)*-1)?
2, 3
Let n(s) = s**3 + 8*s**2 + 8*s + 2. Let u be n(-6). Let b = -9 + u. What are the prime factors of b?
17
Let j be (4 - 1)/((-6)/(-4)). List the prime factors of (j + 4)/(3 + -1).
3
Let h(k) = k**3 - 6*k**2 + k - 3. Suppose x + 0*x - 6 = 0. Let p be h(x). Suppose -5*u = 3*j - 64, 0 = -p*u + 7*j - 3*j + 50. List the prime factors of u.
2, 7
Suppose 0 = 5*j - j - 3*g - 48, 0 = 3*j + 3*g - 36. Let d be (j/(-15))/(4/(-10)). Suppose f + 7 = 2*b, d*f - 6 = -b + 5. What are the prime factors of b?
5
Let g be (15 - -4)/(0 - 1). What are the prime factors of (g/(-4) - 0)*4?
19
Suppose 0 = i - 5 - 0. Suppose 0 = 4*k - 1 + i. List the prime factors of k/(3 + (-13)/4).
2
Let m = -3 + 4. Let a(s) = 173*s**3 - 2*s**2 + s. Let x be a(m). List the prime factors of 2/3 + x/12.
3, 5
Let t = 20 - 15. Suppose -103 = -t*k + 42. What are the prime factors of k?
29
Let q(z) = -z**3 - 20*z**2 - 22*z + 2. What are the prime factors of q(-19)?
59
Let c = 320 - 207. List the prime factors of c.
113
List the prime factors of (-4 - -10)*(0 + 6)/3.
2, 3
Let d = 27 - 23. What are the prime factors of d?
2
Let k = 59 + -35. List the prime factors of k.
2, 3
Let v = 27 + 110. List the prime factors of v.
137
Let k = 5 - 9. Let x be 2/k - 119/14. Let q = 4 - x. What are the prime factors of q?
13
Suppose 0*a - a = 4*r - 674, 4*r - 3*a = 666. What are the prime factors of r?
2, 3, 7
Let z(m) be the third derivative of m**6/120 - m**5/60 + m**4/24 + 19*m**3/6 + m**2. What are the prime factors of z(0)?
19
Suppose 2*c = 1 + 5. Suppose 20 = y + c*y. List the prime factors of y.
5
Suppose w + 4 = 2*b, -w - 2*b = -10 - 2. Suppose w*v - v - 66 = 0. What are the prime factors of v?
2, 11
Suppose 4*k = -d + 2*k - 6, 4*d + 13 = 3*k. Let a = 10 + d. List the prime factors of a.
2, 3
Let d(f) = 3*f**2 - 2*f + 1. Let s be d(1). Suppose 2*h + 41 = 3*y - s*h, -43 = -4*y + 3*h. What are the prime factors of y?
7
Let i = 40 - 25. Suppose -5*q = 5*j - i, j - q = -3*q + 1. Let s = -2 + j. What are the prime factors of s?
3
Suppose -3*r - 12 + 3 = 0. Let z be (-6)/(-9) + (-4)/r. Suppose -w - z*w + 24 = 0. What are the prime factors of w?
2
Let j = 86 + -30. List the prime factors of j.
2, 7
Suppose 2*y + 0*y = -5*l - 48, 0 = -l + 5*y + 12. List the prime factors of l/10*330/(-12).
2, 11
Let u be 3/(-2)*4/3. Suppose 3*h - 146 - 34 = 0. What are the prime factors of (h/21)/(u/(-7))?
2, 5
Suppose 0 = -2*t - 229 + 19. Let i = -65 - t. What are the prime factors of i?
2, 5
Let t = 23 - 21. Suppose 3*h - 2*f - 25 = 0, -t*h + f + 24 = -4*f. What are the prime factors of h?
7
L